+ 0?
-6b41a
In base 10, what is 69 + -277?
-208
In base 11, what is -3 - 74a5?
-74a8
In base 6, what is 52520 + -1141?
51335
In base 10, what is -15 - 67054?
-67069
In base 15, what is -b - -7a29?
7a1d
In base 13, what is 3 - 1c67?
-1c64
In base 12, what is -289a - 12?
-28b0
In base 2, what is 110 - 1000000011?
-111111101
In base 2, what is 1000001 - -111110010111?
111111011000
In base 7, what is 1 - 3501241?
-3501240
In base 8, what is -661622 - 3?
-661625
In base 14, what is -5 + 7870?
7869
In base 4, what is 323112201 - 0?
323112201
In base 6, what is -12 - 1530340?
-1530352
In base 15, what is 1b7b3 - -2?
1b7b5
In base 16, what is 2b - -b69?
b94
In base 11, what is 585 - -1027?
1601
In base 14, what is 3 - 137b6?
-137b3
In base 10, what is -58100 - -5?
-58095
In base 4, what is -13 + 23232221?
23232202
In base 8, what is 146 - 1147?
-1001
In base 5, what is -134323344 + -2?
-134323401
In base 16, what is 811 - f?
802
In base 6, what is -315 + -1025?
-1344
In base 5, what is -12 - -43?
31
In base 7, what is -1 - 121010?
-121011
In base 4, what is 11022012 + 20?
11022032
In base 9, what is -6 + -1226833?
-1226840
In base 6, what is -4 - 42204?
-42212
In base 6, what is 3 + 14550554?
14551001
In base 8, what is -24226 - 236?
-24464
In base 16, what is fe + a7?
1a5
In base 6, what is 0 + -2502341?
-2502341
In base 2, what is 1000111001111011 - 1100?
1000111001101111
In base 16, what is 222d - -4?
2231
In base 3, what is -1111 - -10020102?
10011221
In base 12, what is -25b + 45?
-216
In base 14, what is 1c + 41d43?
41d61
In base 10, what is -2 - -13203?
13201
In base 5, what is -444 - -44010?
43011
In base 7, what is -6210 - -1302?
-4605
In base 9, what is -7 - -478?
471
In base 4, what is -1230013 + -20?
-1230033
In base 10, what is -62529 + -1?
-62530
In base 15, what is 1e6da + -2?
1e6d8
In base 7, what is 44451 + -14?
44434
In base 3, what is 12 + 2222212020012?
2222212020101
In base 2, what is -100 - 10001001000100111111?
-10001001000101000011
In base 3, what is 101212110020 - 12?
101212110001
In base 7, what is 5 + -25234?
-25226
In base 15, what is -19 + 76c?
753
In base 3, what is 0 + -1100010200102?
-1100010200102
In base 13, what is 759419 - 2?
759417
In base 14, what is -14ad4 - -3?
-14ad1
In base 15, what is -17a - -379?
1ee
In base 10, what is 120475 + -2?
120473
In base 7, what is -65 + -3354?
-3452
In base 9, what is -2 + 42031?
42028
In base 13, what is -4 + 1c091?
1c08a
In base 16, what is -515 + -8?
-51d
In base 3, what is 1210 - 1001000?
-222020
In base 3, what is 120020111 - 11?
120020100
In base 3, what is 220120 + -1001120?
-11000
In base 12, what is 1ab09 - -53?
1ab60
In base 4, what is 22332020 - 1?
22332013
In base 7, what is -23 - -613?
560
In base 13, what is -73 - -250?
1aa
In base 3, what is -111211200 - -10?
-111211120
In base 9, what is 3683 + -131?
3552
In base 10, what is 7 + 24046?
24053
In base 9, what is 4 - -82617?
82622
In base 5, what is -10 + -1414412?
-1414422
In base 6, what is -105113021 + -3?
-105113024
In base 4, what is 200300020 + -11?
200300003
In base 7, what is 16316 + 616?
20235
In base 2, what is -101 - -1101010000001110?
1101010000001001
In base 12, what is 12313 + 18?
1232b
In base 4, what is -21 + 131022211?
131022130
In base 6, what is 31015 - 3?
31012
In base 10, what is -98 + -57?
-155
In base 10, what is 977 + 101?
1078
In base 9, what is -3451 + 13?
-3437
In base 4, what is -10320001 + 3?
-10313332
In base 7, what is 0 - -630211?
630211
In base 4, what is -1 - 2113102323?
-2113102330
In base 9, what is -161365 + -36?
-161412
In base 10, what is 385139 - -4?
385143
In base 7, what is -3152161 + -13?
-3152204
In base 8, what is 2040 - -147?
2207
In base 13, what is 57 - -371?
3c8
In base 5, what is -1100 + 1104104?
1103004
In base 5, what is 10 - -1101033?
1101043
In base 4, what is 12013330 + -1312?
12012012
In base 8, what is -151 - 103?
-254
In base 15, what is 2 - 13601?
-135ee
In base 3, what is 10210100212020 - 1?
10210100212012
In base 13, what is 12 + -8b0?
-89b
In base 3, what is -1120 + 121022111?
121020221
In base 16, what is 1 + -3772c?
-3772b
In base 16, what is -14a - -ae?
-9c
In base 4, what is -1002222 - -3?
-1002213
In base 2, what is 10010001001 + 1100111010?
11111000011
In base 16, what is 0 - 3da94?
-3da94
In base 14, what is 9a959 - 6?
9a953
In base 4, what is -11233 + 120?
-11113
In base 15, what is 129a + e?
12a9
In base 9, what is 3 - 5668?
-5665
In base 10, what is -873 + -19?
-892
In base 6, what is 104 + -125125?
-125021
In base 12, what is -2 - -59990?
5998a
In base 2, what is 10001100010011 + 11010101?
10001111101000
In base 15, what is -257c - -7?
-2575
In base 16, what is 3f73 + -1?
3f72
In base 3, what is 2022201 - 110101?
1212100
In base 16, what is -7817e + a?
-78174
In base 6, what is 1100310 - -12?
1100322
In base 16, what is 9d2 - -1e9?
bbb
In base 10, what is 484348 - -5?
484353
In base 12, what is 26a + -98?
192
In base 4, what is 13002 + -110230?
-31222
In base 9, what is -414 - -452?
37
In base 6, what is -1334 + 331?
-1003
In base 6, what is -30003 + 0?
-30003
In base 9, what is -2556415 - -5?
-2556410
In base 5, what is 4042243 - -4?
4042302
In base 10, what is -2 - -5493?
5491
In base 6, what is -3541 - 5230?
-13211
In base 11, what is 7 - 10213?
-10207
In base 10, what is -226242 - -5?
-226237
In base 7, what is -2646261 - -15?
-2646243
In base 13, what is 7cb5 - 4?
7cb1
In base 5, what is -10 - -12300?
12240
In base 13, what is -119a2 - -12?
-11990
In base 4, what is -2120 - 12?
-2132
In base 8, what is 465 + -17470?
-17003
In base 11, what is -1566 + 36?
-1530
In base 2, what is 1011000101110010011010 + -100?
1011000101110010010110
In base 10, what is -3 + 109497?
109494
In base 9, what is 3 - 308511?
-308507
In base 7, what is 105 - 11?
64
In base 5, what is -1101 - 421?
-2022
In base 11, what is -41 - -5723?
5692
In base 2, what is -10111 + -1100111010?
-1101010001
In base 8, what is -2721 + 11?
-2710
In base 9, what is 1047236 - -5?
1047242
In base 8, what is -3765 - 3?
-3770
In base 15, what is 5440a - -2?
5440c
In base 3, what is 11100 - -22?
11122
In base 7, what is -136335 - 6?
-136344
In base 4, what is 221212 - -1221?
223033
In base 14, what is -36537 + 4?
-36533
In base 2, what is 101101010010010 + -100?
101101010001110
In base 2, what is 111011111 + -100100101100?
-11101001101
In base 14, what is -11a9 + 425?
-b84
In base 12, what is 0 + 151b9?
151b9
In base 13, what is 70b - 15?
6c6
In base 16, what is -3c + -2ca6?
-2ce2
In base 9, what is 3451 + 253?
3714
In base 11, what is 1 - 4381?
-4380
In base 4, what is 13011300 - 30?
13011210
In base 10, what is -5 - 8454?
-8459
In base 6, what is 43144 - 52?
43052
In base 12, what is -24 + -47a5?
-4809
In base 10, what is -108 + -1824?
-1932
In base 3, what is 1011012102222 + -20?
1011012102202
In base 12, what is 39273b - 2?
392739
In base 9, what is 0 + -14212?
-14212
In base 6, what is -20 - -51342?
51322
In base 3, what is 100 - 120220212?
-120220112
In base 5, what is -10 + 40421014?
40421004
In base 15, what is b8e - -828?
14b7
In base 7, what is 351316 + 5?
351324
In base 16, what is 4 + -187b?
-1877
In base 11, what is -3 + 24750?
24748
In base 13, what is 19c6 - 58?
196b
In base 3, what is -10 - -10210002?
10202222
In base 4, what is 1 + -1003332212?
-1003332211
In base 15, what is -892 + 40?
-852
In base 11, what is 3382 + 33?
3405
In base 4, what is -13331 + 130?
-13201
In base 11, what is -4 + -11027?
-11030
In base 13, what is 78 + 2?
7a
In base 14, what is -d1 - 7?
-d8
In base 8, what is -1012 + 53?
-737
In base 4, what is -201 + 112323030?
112322223
In base 11, what is -31325 + 1?
-31324
In base 15, what is -11 - -d89?
d78
In base 9, what is 3 - -105652?
105655
In base 8, what is 67 + 3246?
3335
In base 2, what is 10111100110000 - 1000010001?
10110100011111
In base 13, what is -4 - 394ac8?
-394acc
In base 6, what is 313310 - -15?
313325
In base 14, what is -62a7 - -2?
-62a5
In base 6, what is 312 - 2112?
-1400
In base 11, what is 8637 - -12?
8649
In base 3, what is 2002020 - -200021?
2202111
In base 4, what is 30013120103 + 0?
30013120103
In base 3, what is -111002 + -2022000?
-2210002
In base 5, what is 413 + 1430?
2343
In base 10, what is 32447 + -98?
32349
In base 